8544. Determine i(112).
160
Let a(j) = -167*j**2 - 228*j + 156. Determine a(-2).
-56
Let j(t) = t**2 + 10292*t - 6431844. Calculate j(591).
9
Let l(a) = 13808*a - 1422222. Determine l(103).
2
Let v(q) = 30*q**2 + 33*q - 178. What is v(6)?
1100
Let q(x) = 74*x**2 + 366*x - 3249. Calculate q(5).
431
Let i(n) = -2385*n + 21161. Calculate i(9).
-304
Let w(h) = -1267*h - 82389. Calculate w(-65).
-34
Let i(o) = -o**3 + 31*o**2 + 9337*o - 313998. What is i(34)?
-8
Let k(x) = 49210*x + 590519. Give k(-12).
-1
Let i(a) = a**2 + 258*a + 1251. Calculate i(-5).
-14
Let u(o) = 5*o**3 - 52*o**2 + 52*o - 246. Calculate u(10).
74
Let l(g) = 4536*g**2 - 22673*g - 31. Determine l(5).
4
Let d(g) = 4877*g + 23779. Determine d(-5).
-606
Let i(c) = -2*c**2 + 1009*c + 339. Determine i(0).
339
Let r(g) = -g**3 + 61*g**2 - 173*g - 91. Determine r(58).
-33
Let v(z) = 2*z**3 - 47*z**2 + 67*z + 276. Calculate v(22).
298
Let m(z) = 114*z + 1300. Give m(-10).
160
Let c(t) = 44*t - 2197. What is c(99)?
2159
Let r(y) = -20*y**2 - 209*y + 2142. Determine r(-16).
366
Let h(t) = -t**3 - 115*t**2 + 59954*t - 1548. Determine h(194).
4
Let f(p) = -125690*p + 4650520. What is f(37)?
-10
Let u(p) = 195*p**3 - 2512*p**2 - 304*p + 58. Determine u(13).
-7
Let g(u) = u**3 - 33*u**2 - 90*u + 776. Determine g(35).
76
Let k(f) = 17*f**2 - 1345*f + 323. Calculate k(79).
165
Let c(m) = 3*m - 362. Calculate c(128).
22
Let c(m) = 46*m**2 + 15668*m - 6136. What is c(-341)?
2
Let j(a) = -1337*a**3 + 16*a**2 + 3*a - 3. Give j(-1).
1347
Let p(s) = 10*s**3 - 155*s**2 - 27*s - 24. Give p(16).
824
Let t(g) = -g**3 - 24*g**2 - 67*g + 399. Determine t(-15).
-621
Let d(g) = 19*g**3 + 11*g**2 + 74*g - 415. Give d(4).
1273
Let a(c) = 190*c - 5682. Determine a(31).
208
Let a(k) = k**2 - 230*k + 7758. Give a(189).
9
Let n(a) = -4897*a - 2115531. Determine n(-432).
-27
Let g(m) = -49*m**2 + 53*m - 231. Calculate g(4).
-803
Let u(x) = -x**2 - 1358*x - 222889. Determine u(-191).
8
Let g(m) = -536245*m + 5362459. Calculate g(10).
9
Let w(i) = -18552*i**2 + 55648*i + 28. Give w(3).
4
Let w(m) = -m**3 - 11*m**2 - 29*m - 43. What is w(-5)?
-48
Let i(y) = -24*y**2 + 407*y + 806598. Calculate i(192).
6
Let i(x) = 1616*x + 34014. Determine i(-21).
78
Let j(x) = 63*x + 8675. What is j(-142)?
-271
Let r(s) = 4*s**2 + 314*s - 7880. Determine r(24).
1960
Let j(i) = -5*i**3 - 18*i**2 - 245*i - 1327. Give j(-6).
575
Let r(n) = -n**2 + 167*n - 7370. Give r(75).
-470
Let z(c) = 2*c**2 - 486*c - 1970. Determine z(247).
6
Let z(b) = b**3 - 156*b**2 - 1104*b + 195161. Give z(155).
16
Let p(j) = -687*j - 3345. Determine p(-4).
-597
Let y(s) = -s**3 - 47*s**2 + 228*s - 37. Calculate y(5).
-197
Let p(s) = -195*s - 16191. Give p(-81).
-396
Let f(c) = -17*c**3 - 97*c**2 + 80*c + 2. What is f(1)?
-32
Let c(k) = 2870*k + 390363. Give c(-136).
43
Let u(i) = -49027*i + 49026. Calculate u(1).
-1
Let w(x) = -166038*x + 996232. Determine w(6).
4
Let r(n) = n**2 + 2561*n - 117294. Determine r(45).
-24
Let r(f) = f**3 - 2040*f**2 - 14311*f + 24. What is r(-7)?
-102
Let m(h) = -6*h**2 + 42*h + 1322. Determine m(18).
134
Let f(j) = -1772*j - 258713. Give f(-146).
-1
Let b(p) = -3*p**3 + 50*p**2 - 393*p + 6177. Give b(16).
401
Let b(p) = p**3 - 285*p**2 - 15605*p + 424. Give b(332).
92
Let x(u) = 230*u - 23972. Determine x(105).
178
Let z(t) = 2*t**3 + t**2 - 16037*t - 32075. Give z(-2).
-13
Let u(z) = 26868*z + 833002. Calculate u(-31).
94
Let a(i) = i**2 + 7004*i + 437277. Calculate a(-63).
-6
Let y(n) = 1306*n**3 - 3*n**2 - 12*n + 14. Determine y(1).
1305
Let q(n) = 99*n**2 - 1099*n - 3. Give q(0).
-3
Let v(q) = -7208*q - 21791. Calculate v(-3).
-167
Let v(f) = -f**3 + 11*f**2 - 83*f + 174. Give v(3).
-3
Let s(k) = -69*k**2 + 183*k + 105. Give s(3).
33
Let q(w) = -w**3 - 3*w**2 + 605*w + 34. What is q(23)?
195
Let b(d) = d**3 - 20*d**2 - 314*d + 895. Calculate b(-12).
55
Let h(r) = 94906*r - 11. What is h(0)?
-11
Let c(r) = 44*r**2 + 2381*r - 2382. Calculate c(1).
43
Let n(s) = 12*s**3 - 106*s**2 - 32*s + 240. Calculate n(9).
114
Let r(i) = i**3 + 1121*i**2 - 223879*i - 21984. Calculate r(-1294).
14
Let q(h) = -310*h + 56159. Calculate q(182).
-261
Let g(x) = 23*x**2 + 1894*x + 2514. What is g(-81)?
3
Let l(r) = 5*r**3 - 2426*r**2 + 2896*r + 3874. What is l(484)?
2
Let w(v) = -5*v**3 - 111*v**2 - 425*v - 9. What is w(-4)?
235
Let m(j) = -j**2 + 35382*j - 1413693. Calculate m(40).
-13
Let m(o) = 880954*o + 4404812. What is m(-5)?
42
Let c(d) = -6*d**3 + 24*d**2 - 88*d + 210. Determine c(3).
0
Let n(b) = 9*b**3 + 6*b**2 - 296*b - 1549. Give n(-5).
-1044
Let g(j) = j**2 + 318*j - 20507. Give g(-373).
8
Let o(s) = -20*s**2 + 14529*s + 140578. Determine o(736).
2
Let w(v) = 167268*v + 1505237. Determine w(-9).
-175
Let n(i) = -14*i**2 - 858*i - 2665. Determine n(-58).
3
Let r(x) = -1072*x**2 - 16093*x - 161. What is r(-15)?
34
Let k(q) = 109185*q + 9608274. Determine k(-88).
-6
Let c(x) = -1310*x**2 - 275*x + 271. Determine c(1).
-1314
Let c(d) = -12669*d + 3559971. Give c(281).
-18
Let y(i) = -386952*i - 1547743. Calculate y(-4).
65
Let y(h) = 11*h**2 + 3679*h + 207867. What is y(-72)?
3
Let o(c) = -94*c**2 + 455*c - 262. Determine o(5).
-337
Let f(g) = -6844*g - 136864. What is f(-20)?
16
Let d(x) = 122*x**2 - 724*x. Give d(7).
910
Let m(g) = 17*g**2 + 3*g - 1044. What is m(-8)?
20
Let z(g) = 29*g**2 + 1095*g + 4380. What is z(-4)?
464
Let u(a) = a**2 - 534*a + 14660. Determine u(29).
15
Let i(z) = 97325*z + 875913. Calculate i(-9).
-12
Let m(a) = -a**3 + 251*a**2 + 8731*a + 3149. Give m(282).
47
Let d(z) = 20*z**2 + 1265*z + 2667. Calculate d(-61).
-78
Let w(h) = h**2 - 3782*h - 269. Determine w(0).
-269
Let x(y) = 5*y**2 + 1515*y + 20232. Determine x(-14).
2
Let s(g) = g**2 - 115*g - 732. Determine s(121).
-6
Let w(f) = -f**3 - 314*f + 336. Determine w(0).
336
Let j(z) = 1861*z + 74456. What is j(-40)?
16
Let c(m) = 1208*m + 18476. What is c(-15)?
356
Let g(p) = 1120592*p - 4482382. What is g(4)?
-14
Let h(d) = -10*d**2 + 720*d - 10102. What is h(53)?
-32
Let a(b) = 320*b + 7888. What is a(-25)?
-112
Let w(h) = -h**3 - 120*h**2 - 1643*h + 2222. Determine w(-104).
38
Let u(k) = 5*k**2 + 6780*k - 27154. Calculate u(4).
46
Let m(a) = -a**2 - 17125*a - 4666908. Determine m(-277).
-12
Let d(b) = -556865*b - 3898042. Determine d(-7).
13
Let u(r) = 4*r**3 - 79*r**2 + 53*r + 79. What is u(19)?
3
Let w(f) = -2*f**3 + 477*f**2 + 1682*f + 2846. Give w(242).
-58
Let h(a) = -a**2 + 357*a - 15641. Give h(306).
-35
Let x(h) = 2*h**3 - 218*h**2 + 215*h - 205. Determine x(108).
-313
Let o(y) = -510499*y + 2552493. Calculate o(5).
-2
Let m(o) = -2*o**2 + 375*o + 37633. Determine m(260).
-67
Let m(k) = 6*k**2 + 1334*k + 60831. Give m(-64).
31
Let o(q) = 10250*q + 492022. Give o(-48).
22
Let z(s) = s**2 - 387*s - 15977. What is z(-37)?
-289
Let x(p) = 100*p**3 - 5*p**2 + 17*p + 105. Give x(-3).
-2691
Let n(r) = -2*r**2 - 954*r - 81735. Give n(-365).
25
Let q(h) = -h**2 - 119*h - 2155. Calculate q(-21).
-97
Let i(a) = 289798*a + 289682. Give i(-1).
-116
Let z(i) = -i**3 + 52*i**2 - 195*i + 2380. What is z(49)?
28
Let v(l) = -84146*l - 1598873. Give v(-19).
-99
Let f(l) = -l**3 - 48*l**2 + 862*l - 43. What is f(14)?
-127
Let y(c) = 4482*c - 94123. What is y(21)?
-1
Let c(w) = -1242898*w + 2485801. What is c(2)?
5
Let s(y) = -24392*y + 683070. What is s(28)?
94
Let p(d) = d**2 - 1388*d + 28559. Determine p(21).
-148
Let u(p) = 27579*p + 634311. Calculate u(-23).
-6
Let c(y) = -17*y**2 + 14*y + 53. Calculate c(-7).
-878
Let x(h) = 7*h**3 + 509*h**2 - 119*h - 1237. Calculate x(-73).
-3208
Let f(g) = -421805*g - 2530836. What is f(-6)?
-6
Let h(r) = 34*r**2 - 158*r - 428. Determine h(-2).
24
Let p(d) = 613*d + 36763. What is p(-60)?
-17
Let a(n) = 2*n**2 - 119*n + 93. Give a(59).
34
Let y(n) = -n**3 + 14*n**2 - 39*n + 767. Calculate y(15).
-43
Let a(l) = 13*l**2 + 1190*l - 16157. Calculate a(12).
-5
Let d(f) = -76*f + 3411. Give d(48).
-237
Let p(s) = -93*s - 2040. What is p(30)?
-4830
Let f(y) = 20*y**2 - 3756*y - 839. Determine f(188).
-87
Let h(u) = u**3 + u**2 - 91*u + 63. Determine h(-10).
73
Let h(c) = -3096*c - 51281. Calculate h(-17).
1351
Let v(q) = -117*q**3 + 14041*q**2 - 130*q + 932. What is v(120)?
-268
Let b(t) = -79733*t + 956709. Calculate b(12).
